{"id":186,"date":"2022-04-01T14:35:42","date_gmt":"2022-04-01T12:35:42","guid":{"rendered":"https:\/\/www.aimetech.fr\/?page_id=186"},"modified":"2022-04-01T16:40:48","modified_gmt":"2022-04-01T14:40:48","slug":"armoires-connectees","status":"publish","type":"page","link":"https:\/\/www.aimetech.fr\/index.php\/armoires-connectees\/","title":{"rendered":"Armoires connect\u00e9es"},"content":{"rendered":"\n<h2 class=\"wp-block-heading\"><strong>Bouygues Constructions d\u00e9ploie la solution de GMI DATABOX pour \u00e9quiper ses 6000 armoires connect\u00e9es<\/strong><\/h2>\n\n\n\n<figure class=\"wp-block-image size-large is-resized\"><img loading=\"lazy\" decoding=\"async\" src=\"https:\/\/www.aimetech.fr\/wp-content\/uploads\/2022\/04\/armoires-connectees_1_-1024x647.jpg\" alt=\"\" class=\"wp-image-188\" width=\"768\" height=\"485\" srcset=\"https:\/\/www.aimetech.fr\/wp-content\/uploads\/2022\/04\/armoires-connectees_1_-1024x647.jpg 1024w, https:\/\/www.aimetech.fr\/wp-content\/uploads\/2022\/04\/armoires-connectees_1_-300x189.jpg 300w, https:\/\/www.aimetech.fr\/wp-content\/uploads\/2022\/04\/armoires-connectees_1_-768x485.jpg 768w, https:\/\/www.aimetech.fr\/wp-content\/uploads\/2022\/04\/armoires-connectees_1_.jpg 1218w\" sizes=\"auto, (max-width: 768px) 100vw, 768px\" \/><\/figure>\n\n\n\n<p>Bouygues Construction Mat\u00e9riel est sp\u00e9cialis\u00e9 dans la gestion du mat\u00e9riel de chantier et apporte une expertise sur des mat\u00e9riels tr\u00e8s sp\u00e9cifiques quant \u00e0 leur utilisation ou leur r\u00e9glementation : armoires \u00e9lectriques, banches&#8230;<br>Le d\u00e9ploiement du r\u00e9seau LoRaWAN\u00ae d\u2019Objenious au niveau national d\u00e9but 2017 a permis \u00e0 Bouygues Construction Mat\u00e9riel de mettre en place des solutions pour connecter son mat\u00e9riel d\u00e9di\u00e9 aux chantiers avec notamment aujourd\u2019hui la surveillance de ses\u00a0<strong>6000 armoires \u00e9lectriques<\/strong>.<strong>\u00a0<\/strong><\/p>\n\n\n\n<h2 class=\"wp-block-heading\"><strong>Un consortium de 3 soci\u00e9t\u00e9s sp\u00e9cialistes retenu apr\u00e8s 2 ans de test<\/strong><\/h2>\n\n\n\n<div class=\"wp-block-columns is-layout-flex wp-container-core-columns-is-layout-9d6595d7 wp-block-columns-is-layout-flex\">\n<div class=\"wp-block-column is-layout-flow wp-block-column-is-layout-flow\">\n<figure class=\"wp-block-image size-full is-resized\"><img loading=\"lazy\" decoding=\"async\" src=\"https:\/\/www.aimetech.fr\/wp-content\/uploads\/2022\/04\/logo_gmidatabox.png\" alt=\"\" class=\"wp-image-189\" width=\"323\" height=\"75\" srcset=\"https:\/\/www.aimetech.fr\/wp-content\/uploads\/2022\/04\/logo_gmidatabox.png 430w, https:\/\/www.aimetech.fr\/wp-content\/uploads\/2022\/04\/logo_gmidatabox-300x70.png 300w\" sizes=\"auto, (max-width: 323px) 100vw, 323px\" \/><\/figure>\n<\/div>\n\n\n\n<div class=\"wp-block-column is-layout-flow wp-block-column-is-layout-flow\">\n<figure class=\"wp-block-image size-full is-resized\"><img loading=\"lazy\" decoding=\"async\" src=\"https:\/\/www.aimetech.fr\/wp-content\/uploads\/2022\/04\/logo_atim.png\" alt=\"\" class=\"wp-image-190\" width=\"323\" height=\"75\" srcset=\"https:\/\/www.aimetech.fr\/wp-content\/uploads\/2022\/04\/logo_atim.png 430w, https:\/\/www.aimetech.fr\/wp-content\/uploads\/2022\/04\/logo_atim-300x70.png 300w\" sizes=\"auto, (max-width: 323px) 100vw, 323px\" \/><\/figure>\n<\/div>\n\n\n\n<div class=\"wp-block-column is-layout-flow wp-block-column-is-layout-flow\">\n<figure class=\"wp-block-image size-full is-resized\"><img loading=\"lazy\" decoding=\"async\" src=\"https:\/\/www.aimetech.fr\/wp-content\/uploads\/2022\/04\/logo_inneasoft.png\" alt=\"\" class=\"wp-image-191\" width=\"323\" height=\"75\" srcset=\"https:\/\/www.aimetech.fr\/wp-content\/uploads\/2022\/04\/logo_inneasoft.png 430w, https:\/\/www.aimetech.fr\/wp-content\/uploads\/2022\/04\/logo_inneasoft-300x70.png 300w\" sizes=\"auto, (max-width: 323px) 100vw, 323px\" \/><\/figure>\n<\/div>\n<\/div>\n\n\n\n<p>A la suite d\u2019un appel d\u2019offre national et de plus de 2 ans de test terrain, la solution de GMI Databox a finalement \u00e9t\u00e9 retenue. GMI Databox a form\u00e9 pour ce projet un consortium de 3 entreprises partenaires sp\u00e9cialistes chacun dans leur domaine<\/p>\n\n\n\n<p>.<br>\u00a0 \u00a0 1- Les objets connect\u00e9s LoRawan sont fournis par la soci\u00e9t\u00e9\u00a0<a rel=\"noreferrer noopener\" href=\"https:\/\/www.atim.com\/fr\/\" target=\"_blank\"><strong><mark style=\"background-color:rgba(0, 0, 0, 0)\" class=\"has-inline-color has-vivid-red-color\">ATIM radio communication<\/mark><\/strong><\/a>\u00a0largement reconnue dans le monde du LPWAN (Long Range Radio Wide Area Network) fran\u00e7ais. ATIM a pour l\u2019occasion d\u00e9velopp\u00e9 3 types d\u2019objets connect\u00e9s sur mesure int\u00e9grants toutes les fonctions requises pour la surveillance active des chantiers<\/p>\n\n\n\n<p><br>\u00a0 \u00a0 2- L\u2019application de gestion m\u00e9tier cloud a quand a-t-elle \u00e9t\u00e9 confi\u00e9e \u00e0 l\u2019\u00e9diteur Grenoblois<mark style=\"background-color:rgba(0, 0, 0, 0)\" class=\"has-inline-color has-vivid-red-color\">\u00a0<\/mark><a rel=\"noreferrer noopener\" href=\"https:\/\/www.inneasoft.com\/fr\/\" target=\"_blank\"><strong><mark style=\"background-color:rgba(0, 0, 0, 0)\" class=\"has-inline-color has-vivid-red-color\">Inneasoft<\/mark><\/strong><\/a><mark style=\"background-color:rgba(0, 0, 0, 0)\" class=\"has-inline-color has-vivid-red-color\">\u00a0<\/mark>d\u00e9tenteur d\u2019un long savoir-faire sur la gestion des alarmes et de l\u2019optimisation \u00e9nerg\u00e9tique.<\/p>\n\n\n\n<p>&nbsp;<br>&nbsp; &nbsp; 3- Enfin&nbsp;<strong>GMI Databox<\/strong>&nbsp;a fourni les compteurs \u00e9nerg\u00e9tiques, l\u2019int\u00e9gration de tous les \u00e9l\u00e9ments dans une solution coh\u00e9rente et le suivi de toutes les phases de validation terrain.<\/p>\n\n\n\n<h2 class=\"wp-block-heading\"><strong>Les b\u00e9n\u00e9fices : un gain de productivit\u00e9 et une meilleure s\u00e9curit\u00e9 sur les chantiers de construction !<\/strong><\/h2>\n\n\n\n<p><strong style=\"text-decoration: underline\">1 &#8211;&nbsp;Alarmes sur dysfonctionnement<\/strong><br><br>La priorit\u00e9 du projet s\u2019est fix\u00e9e sur la surveillance des disjonctions, des appareils sensibles qui sont n\u00e9cessaires \u00e0 la bonne r\u00e9alisation des chantiers. Il s\u2019agit notamment des grues, des centrales \u00e0 b\u00e9ton, des agences et cantonnements mais aussi des armoires qui alimentent l\u2019outillage \u00e9lectroportatif des compagnons. Si l\u2019on prend l\u2019exemple des grues sur les chantiers, l\u2019objectif est de garantir une intervention rapide en cas d\u2019arr\u00eat d\u2019une grue. En effet, une disjonction de grue entra\u00eene un arr\u00eat des travaux immobilisant jusqu\u2019\u00e0 40 personnes sur le chantier. La d\u00e9tection en temps r\u00e9el de l\u2019origine de la panne est d\u00e9terminant dans sa r\u00e9solution. V\u00e9ritable acc\u00e9l\u00e9rateur, cela permet d\u2019\u00e9viter des co\u00fbts d\u2019interruption qui peuvent aller jusqu\u2019\u00e0 plusieurs dizaines de milliers d\u2019euros.<\/p>\n\n\n\n<p style=\"text-decoration: underline;\"><strong>2 &#8211;&nbsp;Monitoring \u00e9nerg\u00e9tique<\/strong><\/p>\n\n\n\n<p>Bouygues Construction Mat\u00e9riel a \u00e9galement mis en place des solutions de monitoring des consommations \u00e9nerg\u00e9tiques dans ses armoires de chantier afin de d\u00e9tecter des anomalies de consommation et d\u2019\u00e9tablir des tableaux de bord comparatifs entre les chantiers.<\/p>\n\n\n\n<p style=\"text-decoration: underline\"><strong>3 &#8211;&nbsp;D\u00e9tection incendie<\/strong><\/p>\n\n\n\n<p><mark style=\"background-color:rgba(0, 0, 0, 0)\" class=\"has-inline-color has-black-color\">Un capteur de temp\u00e9rature int\u00e9gr\u00e9 permet donc de pr\u00e9venir des pannes li\u00e9es \u00e0 des mont\u00e9es en temp\u00e9rature anormales voire de r\u00e9agir rapidement en cas de feu.<\/mark><\/p>\n\n\n\n<p style=\"text-decoration: underline\"><strong>4 &#8211;&nbsp;G\u00e9olocalisation<\/strong><\/p>\n\n\n\n<p>Enfin la localisation GPS des armoires \u00e9lectriques sur les chantiers permet une gestion plus efficace des inventaires et limite les pertes ou vols.&nbsp;<\/p>\n\n\n\n<h2 class=\"wp-block-heading\">La solution en d\u00e9tail :<\/h2>\n\n\n\n<figure class=\"wp-block-image size-large is-resized\"><img loading=\"lazy\" decoding=\"async\" src=\"http:\/\/www.aimetech.fr\/wp-content\/uploads\/2022\/04\/104352_2-1024x576.jpg\" alt=\"\" class=\"wp-image-185\" width=\"768\" height=\"432\" srcset=\"https:\/\/www.aimetech.fr\/wp-content\/uploads\/2022\/04\/104352_2-1024x576.jpg 1024w, https:\/\/www.aimetech.fr\/wp-content\/uploads\/2022\/04\/104352_2-300x169.jpg 300w, https:\/\/www.aimetech.fr\/wp-content\/uploads\/2022\/04\/104352_2-768x432.jpg 768w, https:\/\/www.aimetech.fr\/wp-content\/uploads\/2022\/04\/104352_2-1110x624.jpg 1110w, https:\/\/www.aimetech.fr\/wp-content\/uploads\/2022\/04\/104352_2-528x297.jpg 528w, https:\/\/www.aimetech.fr\/wp-content\/uploads\/2022\/04\/104352_2.jpg 1152w\" sizes=\"auto, (max-width: 768px) 100vw, 768px\" \/><\/figure>\n\n\n\n<p>3 types d\u2019objets connect\u00e9s <strong>LoRaWAN <\/strong>ont \u00e9t\u00e9 d\u00e9velopp\u00e9s sur mesure par <strong>ATIM Radiocommunication<\/strong> pour cette application particuli\u00e8re de Bouygues Construction Mat\u00e9riel.<br>Ces objets regroupent en un seul boitier compact toutes les fonctions n\u00e9cessaires pour le suivi de 3 grands types d\u2019armoires \u00e9lectriques :<br><strong>&#8211; <\/strong>relev\u00e9 d\u2019alarme,<br><strong>&#8211; <\/strong>comptage \u00e9nerg\u00e9tique,<br><strong>&#8211; <\/strong>mesure de temp\u00e9rature<br><strong>&#8211; <\/strong>balise GPS.<br>Toutes ces informations sont transmises \u00e0 intervalles r\u00e9guliers par le r\u00e9seau <strong>Objenious <\/strong>(marque d\u00e9di\u00e9e \u00e0 l\u2019IoT de Bouygues Telecom) \u00e0 destination de l\u2019application m\u00e9tier AREE d\u00e9velopp\u00e9e sur mesure par l\u2019\u00e9diteur Inneasoft. AREE permet de g\u00e9rer les inventaires, les alarmes sur d\u00e9fauts \u00e9lectriques, temp\u00e9rature \u00e9lev\u00e9e et sortie de zone, ainsi que les consommations \u00e9nerg\u00e9tiques.<br>Fruit d\u2019un d\u00e9veloppement \u00e9tal\u00e9 sur plus d\u2019une ann\u00e9e afin de prendre en compte toutes les remarques terrain, AREE permet aux chefs de chantier d\u2019\u00eatre alert\u00e9s de tous \u00e9v\u00e8nements critiques d\u00e8s qu\u2019ils se produisent comme le feu ou les disjonctions. Il calcule aussi au fil de l\u2019eau tous les co\u00fbts \u00e9nerg\u00e9tiques, mettant ainsi en lumi\u00e8re le mat\u00e9riel tr\u00e8s \u00e9nergivore ainsi que les consommations anormalement \u00e9lev\u00e9es la nuit et le week-end.<\/p>\n","protected":false},"excerpt":{"rendered":"<p>Bouygues Constructions d\u00e9ploie la solution de GMI DATABOX pour \u00e9quiper ses 6000 armoires connect\u00e9es Bouygues Construction Mat\u00e9riel est sp\u00e9cialis\u00e9 dans la gestion du mat\u00e9riel de chantier et apporte une expertise sur des mat\u00e9riels tr\u00e8s sp\u00e9cifiques quant \u00e0 leur utilisation ou leur r\u00e9glementation : armoires \u00e9lectriques, banches&#8230;Le d\u00e9ploiement du r\u00e9seau LoRaWAN\u00ae d\u2019Objenious au niveau national d\u00e9but [&hellip;]<\/p>\n","protected":false},"author":1,"featured_media":0,"parent":0,"menu_order":0,"comment_status":"closed","ping_status":"closed","template":"","meta":{"footnotes":""},"class_list":["post-186","page","type-page","status-publish","czr-hentry"],"_links":{"self":[{"href":"https:\/\/www.aimetech.fr\/index.php\/wp-json\/wp\/v2\/pages\/186","targetHints":{"allow":["GET"]}}],"collection":[{"href":"https:\/\/www.aimetech.fr\/index.php\/wp-json\/wp\/v2\/pages"}],"about":[{"href":"https:\/\/www.aimetech.fr\/index.php\/wp-json\/wp\/v2\/types\/page"}],"author":[{"embeddable":true,"href":"https:\/\/www.aimetech.fr\/index.php\/wp-json\/wp\/v2\/users\/1"}],"replies":[{"embeddable":true,"href":"https:\/\/www.aimetech.fr\/index.php\/wp-json\/wp\/v2\/comments?post=186"}],"version-history":[{"count":11,"href":"https:\/\/www.aimetech.fr\/index.php\/wp-json\/wp\/v2\/pages\/186\/revisions"}],"predecessor-version":[{"id":216,"href":"https:\/\/www.aimetech.fr\/index.php\/wp-json\/wp\/v2\/pages\/186\/revisions\/216"}],"wp:attachment":[{"href":"https:\/\/www.aimetech.fr\/index.php\/wp-json\/wp\/v2\/media?parent=186"}],"curies":[{"name":"wp","href":"https:\/\/api.w.org\/{rel}","templated":true}]}}